f*p - 2*u = -33, -p - 3 = u + 5. What is the units digit of p/(-2) - 1/2?
3
Let v(u) = u**2 - 3*u + 2. Let x be v(4). What is the tens digit of x - 9 - 18/(-1)?
1
Let p = -1 + 1. Suppose p = -4*k + 4 + 4. What is the units digit of k?
2
Let f be (6/4)/((-3)/6). Let j = f + 5. Suppose 2*l = 2 + j. What is the units digit of l?
2
Let u = -5 + 8. Suppose -c = -u*c + 4. Suppose 4*q - 7 = -s, -s = -c*q - 0*q + 5. What is the units digit of q?
2
Suppose -4*h = -9*h - 130. Let f be (-920)/(-65) + 4/h. Suppose -5*q + 2*j = -71, q - 39 + f = 4*j. What is the tens digit of q?
1
Let u(a) = 7*a**2 - a**2 - 2*a**2. Let r be u(1). Suppose -6*x = -r*x - 18. What is the units digit of x?
9
Suppose 0 = -3*c + 301 - 52. What is the tens digit of c?
8
Suppose 2*l = 3*l + 2. What is the units digit of 1 - 12*l/1?
5
Let f = 10 + -5. Let i(s) be the second derivative of s**4/12 - 5*s**3/6 + s**2/2 - 2*s. What is the units digit of i(f)?
1
Let s(z) = z**2 + 7*z - 2. What is the units digit of s(6)?
6
Let k(o) = 2*o**2 - 3*o - 2. Let u = 10 + -7. What is the units digit of k(u)?
7
Suppose -43 - 57 = -5*z. What is the units digit of z?
0
Let m(s) = 6*s - 4. Let c be (-2 - -3)*2 - -1. What is the tens digit of m(c)?
1
Let w(a) = 2*a + 13. Suppose 2*t = -t - 30. Let x be w(t). Let q = -5 - x. What is the units digit of q?
2
Let m(v) = -v**3 - 4*v**2 - v. Let t be m(-4). Let d be 3 - (-2 + -2 + t). Suppose -j = d*j - 4. What is the units digit of j?
1
Let l = -4 + 10. Let v be -2 - l - 1*-1. Let d = -4 - v. What is the units digit of d?
3
Suppose -7953 + 1773 = -20*m. What is the hundreds digit of m?
3
Let u be (2 + 24/(-10))*-10. Let s be (-78)/12 + 6/4. Let j = u - s. What is the units digit of j?
9
Suppose 0*a = 3*a. Let k(q) = -q**2 + q - 20. Let n be k(0). Let m = a - n. What is the units digit of m?
0
Suppose 81 = -n - 2*n. Let c = n + -34. What is the units digit of (-6)/(-21) + c/(-7)?
9
Let c = -96 + 62. Let g = -21 - c. What is the tens digit of g?
1
Let i(u) = u - 8. Let b = 12 - 4. Let g be i(b). Suppose g = a - o, 9 = a + 5*o + 3. What is the units digit of a?
1
Let f = -3 - -6. Let n be f - (-4)/(0 + 2). Suppose 5*b + 30 = n*w, -w + 6*w = -4*b + 39. What is the units digit of w?
7
Let i be -3 - (3 + -9)/(-2). Let m = -6 - -2. Let a = m - i. What is the units digit of a?
2
Let o be (-4)/2 - (-41 + 3). Let j = o + 15. What is the units digit of j/7 + (-2)/7?
7
Suppose -15*q + 5*d = -11*q - 1113, -569 = -2*q + 5*d. What is the hundreds digit of q?
2
What is the units digit of ((-62)/(-4))/(1/2)?
1
Suppose -3*k + 9 = 3. Let x be (-21)/(-6) - 1/k. Suppose -2*c - x*n = c - 21, 3*c + 2*n = 18. What is the units digit of c?
4
Suppose 522 = 7*b - 206. What is the units digit of b?
4
Suppose -5*h - 368 = -3*u, -6*h - 622 = -5*u - 2*h. What is the hundreds digit of u?
1
Suppose 4*m - 200 = -4*b, 237 = 5*m + 4*b - 11. What is the tens digit of m?
4
Suppose -4*h + 7*h - 5*u = 29, -5*u = -4*h + 32. Let t be ((-15)/10)/(h/(-8)). Suppose -10 = -v + t. What is the tens digit of v?
1
What is the tens digit of 70 - -4*(-6)/8?
6
Suppose -2*i - 5*z = -39 - 0, -3 = -3*z. Suppose -x = 5*o + i, 7 - 29 = 4*o - 2*x. What is the units digit of (o/(-5))/((-6)/(-60))?
8
Let c(t) = -t**2 - 21*t + 52. What is the units digit of c(-21)?
2
Suppose 3*b = 3*x + 948, 2*b - 637 = -0*b + x. What is the tens digit of b?
2
Let q(z) = -45*z**3 - 6*z**2 - 2*z - 2. What is the units digit of q(-2)?
8
Let s(z) = -6 + 13 - 2*z + z. Let y be s(5). Suppose -3 = -y*c + 5. What is the units digit of c?
4
Suppose -2*f + 1 = -3. Suppose -f*y = -4*y - 18. What is the units digit of (-4 - -2) + (0 - y)?
7
What is the tens digit of (-20)/(30/(-6)) + 50?
5
Let w = 288 - 120. What is the hundreds digit of w?
1
Suppose 2*d + 15 = -p - 4*p, 0 = -2*d + 2*p + 20. What is the units digit of d?
5
Suppose -597 = -5*h - 2*j + 348, -h + 4*j = -189. Let p = h + -122. Suppose 2*t - 2*c - 20 = 2, 2*c = 5*t - p. What is the tens digit of t?
1
Suppose 0 = 3*z + p + 8, -5*z = -z + 4*p + 16. Let y(m) = -m**2 + 5*m - 5. Let l be y(4). What is the units digit of 4 + z - (l - -1)?
2
What is the tens digit of 1477/28 - (-3)/(-4)?
5
What is the units digit of 34 + 2 + -1 + 0?
5
Let u = 9 + 42. What is the units digit of u?
1
Let c(b) be the second derivative of 2/3*b**3 - b - 1/2*b**2 + 0 - 1/3*b**4 + 1/20*b**5. What is the units digit of c(3)?
2
Suppose 3*f + 89 - 5 = 0. Let i = -17 - f. What is the tens digit of i?
1
Suppose 0 = -4*s + 4, -4*a = 2*s - 6*s - 832. What is the tens digit of a?
0
Suppose 5 = -4*z + 5*z. Let k(n) be the first derivative of n**3/3 - 2*n**2 + 3*n + 2. What is the units digit of k(z)?
8
Suppose 5*d - 4*i + 6 = -0, 26 = 5*d + 4*i. Suppose 23 = g - d*l - 1, -2*g + 2*l + 48 = 0. What is the units digit of g?
4
Let n be (-4)/6*(-18)/4. Let f(c) = 2*c - 7. Let o be f(5). Let x = o + n. What is the units digit of x?
6
Let r = 14 + 47. Let t = r + -15. What is the units digit of t?
6
Let o(h) = -h**3 + 5*h**2 - 3*h - 3. Suppose 4 = -s + 2*s. What is the units digit of o(s)?
1
Let y = 60 - 15. What is the units digit of y?
5
Suppose 12 + 0 = 3*y. Let h = y + -3. What is the units digit of 6 - 1 - (1 + h)?
3
Suppose -46 = 2*n + 3*u, -59 - 11 = 3*n + 5*u. Let x be (30/5)/(-2 - -3). What is the tens digit of (n - 1)*x/(-9)?
1
Let r(f) = -f**3 - 6*f**2 - 6*f - 2. Let g be r(-5). Suppose -7 = 5*o - g*y, -5*o + y + 7 = 16. What is the units digit of (o - -1)/(2/(-22))?
1
Suppose -7 = -3*r + 14. Suppose 3*f + 2*s = 50, 0 = -r*f + 2*f + s + 92. What is the units digit of f?
8
What is the units digit of ((-35)/2)/(4/(-8))?
5
Let f(r) = r**3 + 5*r**2 + 3. Suppose -3*w - 3*k - 6 = 0, 0 = -5*w - 4*k + k - 16. Let d be f(w). Suppose d*o = -2*o + 5. What is the units digit of o?
1
Let b be 0 + 4 - (-9 - -7). Suppose 9*l - b*l - 174 = 0. What is the units digit of l?
8
Let h(r) = 4 - 1 - 3*r + 2*r - 5. Let n be h(-2). Suppose n = 2*o - 12 - 24. What is the tens digit of o?
1
Let d(l) = -l + 1. Suppose 2*u - 2*r = -306, -3*r - 65 = 2*u + 226. Let s be u/14 - 4/14. What is the units digit of d(s)?
2
Let x(k) = 14*k**3. Suppose -2*r + 3 = 1. What is the units digit of x(r)?
4
Suppose -277 = -7*w - 60. What is the units digit of w?
1
Let q(p) = 6*p**3 + p**2. Let h(z) = -z**2 - 5*z + 1. Let k be h(-5). What is the units digit of q(k)?
7
Suppose -4*m - q = -21, m + 5*q - 41 = -3*m. Suppose 2*f - m*f + 4*g - 2 = 0, 4*g - 17 = -3*f. What is the units digit of (f/(-4))/((-4)/64)?
2
Suppose 2*l = -4*p + 290, -2*p - 1 + 11 = 0. What is the tens digit of l?
3
Suppose -3*i + 5*s - 46 = 0, 0 = -4*i + 4*s - 2*s - 38. Let u(w) = -w**3 - 8*w**2 - 8*w + 8. What is the units digit of u(i)?
5
Suppose 3*n - 10 = b, -2*n - b + 15 = -0. What is the units digit of n?
5
Let n(t) = -1 + 4*t - 2*t + t. What is the units digit of n(3)?
8
Let s be ((-88)/3)/(6/(-18)). Let l = s - 61. Suppose -2*u - u = -l. What is the units digit of u?
9
Suppose 0*z = 2*z - 42. Suppose o + 3*c = -0*o + z, 2*o - c - 28 = 0. What is the units digit of o?
5
Let x(o) = -14*o. Suppose -4*d = -7*d. Suppose d = -4*c + 2*u - 8 - 4, -3*u + 10 = 2*c. What is the tens digit of x(c)?
1
Suppose 2 + 8 = 5*a. Suppose 5*t - 2*v + 85 = a*v, -3*t - 14 = 5*v. Let m = t - -21. What is the units digit of m?
8
Suppose 8*s - 41 = 7*s. What is the units digit of s?
1
Let y be 4/6 - (-2)/6. Let r = -4 - y. What is the units digit of (98/(-35))/(1/r)?
4
Let m = 2 - -2. Suppose 8 = m*s - 12. Suppose -s*u + 2 = -13. What is the units digit of u?
3
Suppose 0 = -t + 7 + 3. Let u = 22 - t. What is the tens digit of u?
1
Let c(b) = 2*b**2 + 4*b - 4. What is the tens digit of c(2)?
1
Suppose 2*y + f - 200 = 0, 2*y + 3 - 203 = 2*f. What is the units digit of y?
0
Suppose -7*h + 35 = -2*h. Let b = 1 + h. Let d = b + -5. What is the units digit of d?
3
Let k(d) = 17*d - 14. What is the units digit of k(3)?
7
Let m(k) = 4*k - 41. What is the tens digit of m(19)?
3
Let z(p) = p**2 - 6*p - 5. Let j be z(7). Suppose 0 = j*y - 10. Suppose -y*f - 16 + 61 = 0. What is the units digit of f?
9
Let g(b) = -4*b - 9. Let x be g(-6). Suppose z + 4*z - x = 0. Suppose -z*r + 15 = 2*r. What is the units digit of r?
3
Let z(w) = -26*w - 8. What is the tens digit of z(-3)?
7
Let d = 45 - 99. Let y = 35 + d. Let c = y - 